{"id":14,"date":"2019-07-18T10:37:12","date_gmt":"2019-07-18T08:37:12","guid":{"rendered":"http:\/\/unregardparfait.fr\/?page_id=14"},"modified":"2020-06-28T17:47:39","modified_gmt":"2020-06-28T15:47:39","slug":"cils","status":"publish","type":"page","link":"https:\/\/unregardparfait.fr\/index.php\/cils\/","title":{"rendered":"Cils"},"content":{"rendered":"\t\t<div data-elementor-type=\"wp-page\" data-elementor-id=\"14\" class=\"elementor elementor-14\">\n\t\t\t\t\t\t<section class=\"elementor-section elementor-top-section elementor-element elementor-element-ff31490 elementor-section-stretched elementor-section-full_width elementor-section-height-default elementor-section-height-default\" data-id=\"ff31490\" data-element_type=\"section\" data-settings=\"{&quot;stretch_section&quot;:&quot;section-stretched&quot;}\">\n\t\t\t\t\t\t<div class=\"elementor-container elementor-column-gap-default\">\n\t\t\t\t\t<div class=\"elementor-column elementor-col-100 elementor-top-column elementor-element elementor-element-7a75ec5\" data-id=\"7a75ec5\" data-element_type=\"column\" data-settings=\"{&quot;background_background&quot;:&quot;classic&quot;}\">\n\t\t\t<div class=\"elementor-widget-wrap elementor-element-populated\">\n\t\t\t\t\t\t<section class=\"elementor-section elementor-inner-section elementor-element elementor-element-5ded22d elementor-section-boxed elementor-section-height-default elementor-section-height-default\" data-id=\"5ded22d\" data-element_type=\"section\" data-settings=\"{&quot;background_background&quot;:&quot;classic&quot;}\">\n\t\t\t\t\t\t<div class=\"elementor-container elementor-column-gap-default\">\n\t\t\t\t\t<div class=\"elementor-column elementor-col-50 elementor-inner-column elementor-element elementor-element-c08516f\" data-id=\"c08516f\" data-element_type=\"column\" data-settings=\"{&quot;background_background&quot;:&quot;classic&quot;}\">\n\t\t\t<div class=\"elementor-widget-wrap elementor-element-populated\">\n\t\t\t\t\t\t<div class=\"elementor-element elementor-element-4baeb9e elementor-widget elementor-widget-heading\" data-id=\"4baeb9e\" data-element_type=\"widget\" data-widget_type=\"heading.default\">\n\t\t\t\t<div class=\"elementor-widget-container\">\n\t\t\t\t\t<h2 class=\"elementor-heading-title elementor-size-default\">EXTENSION ET REHAUSSEMENT DES CILS<br><\/h2>\t\t\t\t<\/div>\n\t\t\t\t<\/div>\n\t\t\t\t<div class=\"elementor-element elementor-element-f9eac9f elementor-widget-divider--view-line elementor-widget elementor-widget-divider\" data-id=\"f9eac9f\" data-element_type=\"widget\" data-widget_type=\"divider.default\">\n\t\t\t\t<div class=\"elementor-widget-container\">\n\t\t\t\t\t\t\t<div class=\"elementor-divider\">\n\t\t\t<span class=\"elementor-divider-separator\">\n\t\t\t\t\t\t<\/span>\n\t\t<\/div>\n\t\t\t\t\t\t<\/div>\n\t\t\t\t<\/div>\n\t\t\t\t<div class=\"elementor-element elementor-element-34f289f elementor-widget elementor-widget-heading\" data-id=\"34f289f\" data-element_type=\"widget\" data-widget_type=\"heading.default\">\n\t\t\t\t<div class=\"elementor-widget-container\">\n\t\t\t\t\t<h3 class=\"elementor-heading-title elementor-size-default\">A QUI S'ADRESSE CETTE PRESTATION?<\/h3>\t\t\t\t<\/div>\n\t\t\t\t<\/div>\n\t\t\t\t<div class=\"elementor-element elementor-element-9453d4f elementor-widget elementor-widget-text-editor\" data-id=\"9453d4f\" data-element_type=\"widget\" data-widget_type=\"text-editor.default\">\n\t\t\t\t<div class=\"elementor-widget-container\">\n\t\t\t\t\t\t\t\t\t<ul><li>Aux femmes qui ne souhaitent plus se maquiller<\/li><li>Celles qui souhaitent sublimer leur regard et lui donner de la profondeur<\/li><li>Aux femmes trop occup\u00e9es pour perdre du temps avec le maquillage conventionnel<\/li><li>Celles qui travaillent, gagnent du temps, appr\u00e9cient un beau maquillage sans les g\u00eanes de perp\u00e9tuelles retouches<\/li><li>Les sportives qui souhaitent \u00eatre toujours pr\u00e9sentables sans avoir \u00e0 s\u2019inqui\u00e9ter des efforts physiques.<\/li><\/ul>\t\t\t\t\t\t\t\t<\/div>\n\t\t\t\t<\/div>\n\t\t\t\t\t<\/div>\n\t\t<\/div>\n\t\t\t\t<div class=\"elementor-column elementor-col-50 elementor-inner-column elementor-element elementor-element-4b478fa\" data-id=\"4b478fa\" data-element_type=\"column\">\n\t\t\t<div class=\"elementor-widget-wrap elementor-element-populated\">\n\t\t\t\t\t\t\t<\/div>\n\t\t<\/div>\n\t\t\t\t\t<\/div>\n\t\t<\/section>\n\t\t\t\t\t<\/div>\n\t\t<\/div>\n\t\t\t\t\t<\/div>\n\t\t<\/section>\n\t\t\t\t<section class=\"elementor-section elementor-top-section elementor-element elementor-element-3a8360e elementor-section-stretched elementor-section-boxed elementor-section-height-default elementor-section-height-default\" data-id=\"3a8360e\" data-element_type=\"section\" data-settings=\"{&quot;stretch_section&quot;:&quot;section-stretched&quot;}\">\n\t\t\t\t\t\t<div class=\"elementor-container elementor-column-gap-default\">\n\t\t\t\t\t<div class=\"elementor-column elementor-col-100 elementor-top-column elementor-element elementor-element-104dc7b\" data-id=\"104dc7b\" data-element_type=\"column\" data-settings=\"{&quot;background_background&quot;:&quot;classic&quot;}\">\n\t\t\t<div class=\"elementor-widget-wrap elementor-element-populated\">\n\t\t\t\t\t\t<div class=\"elementor-element elementor-element-c51a22e elementor-widget elementor-widget-heading\" data-id=\"c51a22e\" data-element_type=\"widget\" data-widget_type=\"heading.default\">\n\t\t\t\t<div class=\"elementor-widget-container\">\n\t\t\t\t\t<h2 class=\"elementor-heading-title elementor-size-default\">Embellissement des cils: LES TECHNIQUES PROPOSEES?<\/h2>\t\t\t\t<\/div>\n\t\t\t\t<\/div>\n\t\t\t\t<div class=\"elementor-element elementor-element-280e7c3 elementor-widget-divider--view-line elementor-widget elementor-widget-divider\" data-id=\"280e7c3\" data-element_type=\"widget\" data-widget_type=\"divider.default\">\n\t\t\t\t<div class=\"elementor-widget-container\">\n\t\t\t\t\t\t\t<div class=\"elementor-divider\">\n\t\t\t<span class=\"elementor-divider-separator\">\n\t\t\t\t\t\t<\/span>\n\t\t<\/div>\n\t\t\t\t\t\t<\/div>\n\t\t\t\t<\/div>\n\t\t\t\t<div class=\"elementor-element elementor-element-e77afb8 elementor-widget elementor-widget-text-editor\" data-id=\"e77afb8\" data-element_type=\"widget\" data-widget_type=\"text-editor.default\">\n\t\t\t\t<div class=\"elementor-widget-container\">\n\t\t\t\t\t\t\t\t\t<p><b><u>En fonction de vos besoins plusieurs techniques s\u2019offrent \u00e0 vous:<\/u><\/b><\/p><ul><li><b>Extension de cils (cils \u00e0 cils, volume russe)\u00a0<\/b>: Consiste \u00e0 coller des cils sur vos cils naturels. Il existe diff\u00e9rentes longueurs, courbures et \u00e9paisseurs selon l\u2019effet recherch\u00e9.\u00a0<\/li><\/ul><ul><li><b>R\u00e9haussement de cils\u00a0<\/b>: Que vous ayez les cils courts ou longs, le r\u00e9haussement permet de les relever vers le haut et de redonner d\u2019avantage d\u2019intensit\u00e9 \u00e0 votre regard.<\/li><\/ul><ul><li><b>Lashbotox\u00a0<\/b>: Soin intense \u00e0 la KERATINE pour vos cils naturels qui permet de nourrir, hydrater, prot\u00e9ger, \u00e9paissir et booster leur croissance. Soin compl\u00e9mentaire au r\u00e9haussement de cils.<\/li><\/ul><ul><li><b>Mascara semi-permanent<\/b>\u00a0: Effet Mascara qui dure environ 4 \u00e0 6 semaines et conseill\u00e9 avec le r\u00e9haussement de cils.<\/li><\/ul>\t\t\t\t\t\t\t\t<\/div>\n\t\t\t\t<\/div>\n\t\t\t\t\t<\/div>\n\t\t<\/div>\n\t\t\t\t\t<\/div>\n\t\t<\/section>\n\t\t\t\t<section class=\"elementor-section elementor-top-section elementor-element elementor-element-e24d334 elementor-section-boxed elementor-section-height-default elementor-section-height-default\" data-id=\"e24d334\" data-element_type=\"section\">\n\t\t\t\t\t\t<div class=\"elementor-container elementor-column-gap-default\">\n\t\t\t\t\t<div class=\"elementor-column elementor-col-100 elementor-top-column elementor-element elementor-element-b447ebe\" data-id=\"b447ebe\" data-element_type=\"column\">\n\t\t\t<div class=\"elementor-widget-wrap elementor-element-populated\">\n\t\t\t\t\t\t<div class=\"elementor-element elementor-element-9a4b3f9 elementor-align-center elementor-widget elementor-widget-button\" data-id=\"9a4b3f9\" data-element_type=\"widget\" data-widget_type=\"button.default\">\n\t\t\t\t<div class=\"elementor-widget-container\">\n\t\t\t\t\t\t\t\t\t<div class=\"elementor-button-wrapper\">\n\t\t\t\t\t<a class=\"elementor-button elementor-button-link elementor-size-lg\" href=\"http:\/\/unregardparfait.fr\/index.php\/contact\/\">\n\t\t\t\t\t\t<span class=\"elementor-button-content-wrapper\">\n\t\t\t\t\t\t\t\t\t<span class=\"elementor-button-text\">CONTACT<\/span>\n\t\t\t\t\t<\/span>\n\t\t\t\t\t<\/a>\n\t\t\t\t<\/div>\n\t\t\t\t\t\t\t\t<\/div>\n\t\t\t\t<\/div>\n\t\t\t\t\t<\/div>\n\t\t<\/div>\n\t\t\t\t\t<\/div>\n\t\t<\/section>\n\t\t\t\t<\/div>\n\t\t","protected":false},"excerpt":{"rendered":"<p>EXTENSION ET REHAUSSEMENT DES CILS A QUI S&rsquo;ADRESSE CETTE PRESTATION? Aux femmes qui ne souhaitent plus se maquiller Celles qui souhaitent sublimer leur regard et lui donner de la profondeur Aux femmes trop occup\u00e9es pour perdre du temps avec le maquillage conventionnel Celles qui travaillent, gagnent du temps, appr\u00e9cient un beau maquillage sans les g\u00eanes [&hellip;]<\/p>\n","protected":false},"author":1,"featured_media":0,"parent":0,"menu_order":0,"comment_status":"closed","ping_status":"closed","template":"","meta":{"_monsterinsights_skip_tracking":false,"_monsterinsights_sitenote_active":false,"_monsterinsights_sitenote_note":"","_monsterinsights_sitenote_category":0,"ocean_post_layout":"","ocean_both_sidebars_style":"","ocean_both_sidebars_content_width":0,"ocean_both_sidebars_sidebars_width":0,"ocean_sidebar":"0","ocean_second_sidebar":"0","ocean_disable_margins":"enable","ocean_add_body_class":"","ocean_shortcode_before_top_bar":"","ocean_shortcode_after_top_bar":"","ocean_shortcode_before_header":"","ocean_shortcode_after_header":"","ocean_has_shortcode":"","ocean_shortcode_after_title":"","ocean_shortcode_before_footer_widgets":"","ocean_shortcode_after_footer_widgets":"","ocean_shortcode_before_footer_bottom":"","ocean_shortcode_after_footer_bottom":"","ocean_display_top_bar":"off","ocean_display_header":"on","ocean_header_style":"custom","ocean_center_header_left_menu":"0","ocean_custom_header_template":"932","ocean_custom_logo":0,"ocean_custom_retina_logo":0,"ocean_custom_logo_max_width":0,"ocean_custom_logo_tablet_max_width":0,"ocean_custom_logo_mobile_max_width":0,"ocean_custom_logo_max_height":0,"ocean_custom_logo_tablet_max_height":0,"ocean_custom_logo_mobile_max_height":0,"ocean_header_custom_menu":"0","ocean_menu_typo_font_family":"0","ocean_menu_typo_font_subset":"","ocean_menu_typo_font_size":0,"ocean_menu_typo_font_size_tablet":0,"ocean_menu_typo_font_size_mobile":0,"ocean_menu_typo_font_size_unit":"px","ocean_menu_typo_font_weight":"","ocean_menu_typo_font_weight_tablet":"","ocean_menu_typo_font_weight_mobile":"","ocean_menu_typo_transform":"","ocean_menu_typo_transform_tablet":"","ocean_menu_typo_transform_mobile":"","ocean_menu_typo_line_height":0,"ocean_menu_typo_line_height_tablet":0,"ocean_menu_typo_line_height_mobile":0,"ocean_menu_typo_line_height_unit":"","ocean_menu_typo_spacing":0,"ocean_menu_typo_spacing_tablet":0,"ocean_menu_typo_spacing_mobile":0,"ocean_menu_typo_spacing_unit":"","ocean_menu_link_color":"","ocean_menu_link_color_hover":"","ocean_menu_link_color_active":"","ocean_menu_link_background":"","ocean_menu_link_hover_background":"","ocean_menu_link_active_background":"","ocean_menu_social_links_bg":"","ocean_menu_social_hover_links_bg":"","ocean_menu_social_links_color":"","ocean_menu_social_hover_links_color":"","ocean_disable_title":"default","ocean_disable_heading":"default","ocean_post_title":"","ocean_post_subheading":"","ocean_post_title_style":"","ocean_post_title_background_color":"","ocean_post_title_background":0,"ocean_post_title_bg_image_position":"","ocean_post_title_bg_image_attachment":"","ocean_post_title_bg_image_repeat":"","ocean_post_title_bg_image_size":"","ocean_post_title_height":0,"ocean_post_title_bg_overlay":0.5,"ocean_post_title_bg_overlay_color":"","ocean_disable_breadcrumbs":"default","ocean_breadcrumbs_color":"","ocean_breadcrumbs_separator_color":"","ocean_breadcrumbs_links_color":"","ocean_breadcrumbs_links_hover_color":"","ocean_display_footer_widgets":"default","ocean_display_footer_bottom":"default","ocean_custom_footer_template":"0","footnotes":""},"class_list":["post-14","page","type-page","status-publish","hentry","entry"],"yoast_head":"<!-- This site is optimized with the Yoast SEO plugin v26.1.1 - https:\/\/yoast.com\/wordpress\/plugins\/seo\/ -->\n<title>Cils - Un regard parfait<\/title>\n<meta name=\"description\" content=\"Embelissement des cils, extension de cils, r\u00e9haussement de cils, lashbotox, teinture. Un regard parfait vous propose du maquillage permanent.\" \/>\n<meta name=\"robots\" content=\"index, follow, max-snippet:-1, max-image-preview:large, max-video-preview:-1\" \/>\n<link rel=\"canonical\" href=\"https:\/\/unregardparfait.fr\/index.php\/cils\/\" \/>\n<meta property=\"og:locale\" content=\"fr_FR\" \/>\n<meta property=\"og:type\" content=\"article\" \/>\n<meta property=\"og:title\" content=\"Cils - Un regard parfait\" \/>\n<meta property=\"og:description\" content=\"Embelissement des cils, extension de cils, r\u00e9haussement de cils, lashbotox, teinture. Un regard parfait vous propose du maquillage permanent.\" \/>\n<meta property=\"og:url\" content=\"https:\/\/unregardparfait.fr\/index.php\/cils\/\" \/>\n<meta property=\"og:site_name\" content=\"Un regard parfait\" \/>\n<meta property=\"article:modified_time\" content=\"2020-06-28T15:47:39+00:00\" \/>\n<meta name=\"twitter:card\" content=\"summary_large_image\" \/>\n<meta name=\"twitter:label1\" content=\"Dur\u00e9e de lecture estim\u00e9e\" \/>\n\t<meta name=\"twitter:data1\" content=\"1 minute\" \/>\n<script type=\"application\/ld+json\" class=\"yoast-schema-graph\">{\"@context\":\"https:\/\/schema.org\",\"@graph\":[{\"@type\":\"WebPage\",\"@id\":\"https:\/\/unregardparfait.fr\/index.php\/cils\/\",\"url\":\"https:\/\/unregardparfait.fr\/index.php\/cils\/\",\"name\":\"Cils - Un regard parfait\",\"isPartOf\":{\"@id\":\"https:\/\/unregardparfait.fr\/#website\"},\"datePublished\":\"2019-07-18T08:37:12+00:00\",\"dateModified\":\"2020-06-28T15:47:39+00:00\",\"description\":\"Embelissement des cils, extension de cils, r\u00e9haussement de cils, lashbotox, teinture. Un regard parfait vous propose du maquillage permanent.\",\"breadcrumb\":{\"@id\":\"https:\/\/unregardparfait.fr\/index.php\/cils\/#breadcrumb\"},\"inLanguage\":\"fr-FR\",\"potentialAction\":[{\"@type\":\"ReadAction\",\"target\":[\"https:\/\/unregardparfait.fr\/index.php\/cils\/\"]}]},{\"@type\":\"BreadcrumbList\",\"@id\":\"https:\/\/unregardparfait.fr\/index.php\/cils\/#breadcrumb\",\"itemListElement\":[{\"@type\":\"ListItem\",\"position\":1,\"name\":\"Accueil\",\"item\":\"https:\/\/unregardparfait.fr\/\"},{\"@type\":\"ListItem\",\"position\":2,\"name\":\"Cils\"}]},{\"@type\":\"WebSite\",\"@id\":\"https:\/\/unregardparfait.fr\/#website\",\"url\":\"https:\/\/unregardparfait.fr\/\",\"name\":\"Un regard parfait\",\"description\":\"\",\"potentialAction\":[{\"@type\":\"SearchAction\",\"target\":{\"@type\":\"EntryPoint\",\"urlTemplate\":\"https:\/\/unregardparfait.fr\/?s={search_term_string}\"},\"query-input\":{\"@type\":\"PropertyValueSpecification\",\"valueRequired\":true,\"valueName\":\"search_term_string\"}}],\"inLanguage\":\"fr-FR\"}]}<\/script>\n<!-- \/ Yoast SEO plugin. -->","yoast_head_json":{"title":"Cils - Un regard parfait","description":"Embelissement des cils, extension de cils, r\u00e9haussement de cils, lashbotox, teinture. Un regard parfait vous propose du maquillage permanent.","robots":{"index":"index","follow":"follow","max-snippet":"max-snippet:-1","max-image-preview":"max-image-preview:large","max-video-preview":"max-video-preview:-1"},"canonical":"https:\/\/unregardparfait.fr\/index.php\/cils\/","og_locale":"fr_FR","og_type":"article","og_title":"Cils - Un regard parfait","og_description":"Embelissement des cils, extension de cils, r\u00e9haussement de cils, lashbotox, teinture. Un regard parfait vous propose du maquillage permanent.","og_url":"https:\/\/unregardparfait.fr\/index.php\/cils\/","og_site_name":"Un regard parfait","article_modified_time":"2020-06-28T15:47:39+00:00","twitter_card":"summary_large_image","twitter_misc":{"Dur\u00e9e de lecture estim\u00e9e":"1 minute"},"schema":{"@context":"https:\/\/schema.org","@graph":[{"@type":"WebPage","@id":"https:\/\/unregardparfait.fr\/index.php\/cils\/","url":"https:\/\/unregardparfait.fr\/index.php\/cils\/","name":"Cils - Un regard parfait","isPartOf":{"@id":"https:\/\/unregardparfait.fr\/#website"},"datePublished":"2019-07-18T08:37:12+00:00","dateModified":"2020-06-28T15:47:39+00:00","description":"Embelissement des cils, extension de cils, r\u00e9haussement de cils, lashbotox, teinture. Un regard parfait vous propose du maquillage permanent.","breadcrumb":{"@id":"https:\/\/unregardparfait.fr\/index.php\/cils\/#breadcrumb"},"inLanguage":"fr-FR","potentialAction":[{"@type":"ReadAction","target":["https:\/\/unregardparfait.fr\/index.php\/cils\/"]}]},{"@type":"BreadcrumbList","@id":"https:\/\/unregardparfait.fr\/index.php\/cils\/#breadcrumb","itemListElement":[{"@type":"ListItem","position":1,"name":"Accueil","item":"https:\/\/unregardparfait.fr\/"},{"@type":"ListItem","position":2,"name":"Cils"}]},{"@type":"WebSite","@id":"https:\/\/unregardparfait.fr\/#website","url":"https:\/\/unregardparfait.fr\/","name":"Un regard parfait","description":"","potentialAction":[{"@type":"SearchAction","target":{"@type":"EntryPoint","urlTemplate":"https:\/\/unregardparfait.fr\/?s={search_term_string}"},"query-input":{"@type":"PropertyValueSpecification","valueRequired":true,"valueName":"search_term_string"}}],"inLanguage":"fr-FR"}]}},"_links":{"self":[{"href":"https:\/\/unregardparfait.fr\/index.php\/wp-json\/wp\/v2\/pages\/14","targetHints":{"allow":["GET"]}}],"collection":[{"href":"https:\/\/unregardparfait.fr\/index.php\/wp-json\/wp\/v2\/pages"}],"about":[{"href":"https:\/\/unregardparfait.fr\/index.php\/wp-json\/wp\/v2\/types\/page"}],"author":[{"embeddable":true,"href":"https:\/\/unregardparfait.fr\/index.php\/wp-json\/wp\/v2\/users\/1"}],"replies":[{"embeddable":true,"href":"https:\/\/unregardparfait.fr\/index.php\/wp-json\/wp\/v2\/comments?post=14"}],"version-history":[{"count":73,"href":"https:\/\/unregardparfait.fr\/index.php\/wp-json\/wp\/v2\/pages\/14\/revisions"}],"predecessor-version":[{"id":1643,"href":"https:\/\/unregardparfait.fr\/index.php\/wp-json\/wp\/v2\/pages\/14\/revisions\/1643"}],"wp:attachment":[{"href":"https:\/\/unregardparfait.fr\/index.php\/wp-json\/wp\/v2\/media?parent=14"}],"curies":[{"name":"wp","href":"https:\/\/api.w.org\/{rel}","templated":true}]}}